).
-15
Let j(r) = 4*r**2 + 2*r - 1. Let h be (-9)/(-7) + 6/(-21). Let x be j(h). Let y(s) = s + 5*s**2 + 20*s**3 + 7 - 21*s**3 + 6*s - 9*s. What is y(x)?
-3
Let u = -347 + 354. Let f(w) = -w**2 + 6*w. What is f(u)?
-7
Let v(q) be the second derivative of -q**5/20 - q**4/3 + 9*q**2/2 + q + 42. Calculate v(-4).
9
Let x(f) = 0*f + 159 + f - 328 + 3*f + 183. What is x(-4)?
-2
Let g be 19/((-380)/(-330)) - 2/4. Let r(y) = -3*y**2 + 49*y - 18. Determine r(g).
-2
Let c(s) = s**2 - 9*s - 4. Let i(a) = -a**2 + 8*a + 5. Let r = -1 + -1. Let v(w) = r*c(w) - 3*i(w). Determine v(6).
-7
Let t(y) = -287*y + 286*y + 16*y**3 - 2*y**2 - 30*y**3. Give t(-1).
13
Let l(n) = -n**3 + 4*n**2 - 4*n + 4. Let q = -4 + -8. Suppose -5*z + 55 = -2*w, 4*w - 23 = 5*z - 108. Let b = q - w. Determine l(b).
1
Let h = -63 + 65. Let m(q) = -5*q**2 + 2*q - 1. Let i(a) = -20*a**2 + 9*a - 4. Let b(c) = h*i(c) - 9*m(c). What is b(-1)?
6
Let m(u) = 3*u**2 + 7*u. Let h(y) = -4*y**2 - 10*y. Let l(n) = -5*h(n) - 7*m(n). Suppose -7*f - 3*f - 440 = 0. Let d = f - -46. Give l(d).
-2
Suppose -4*p = -3*b - 12, 4*b + 3*p - 6 = 3. Let k = 0 - b. Let d(r) = -r**2 - 2 + r + k*r + 0*r + 0. Determine d(2).
-4
Suppose -36*j = 100*j - 76*j + 120. Let h(m) be the third derivative of m**5/15 + m**4/24 + m**2. Give h(j).
14
Let h(w) = 0*w - 1 - 6*w - w + 6*w. What is h(8)?
-9
Let j(m) = 6*m**3 - 3*m**2 - m**2 + 7 - 4*m - 5*m**3 + m**2. Let w be j(4). Let o(h) = w + h**3 + 2*h + 6*h**2 - 1 + 0*h**2 + 2. What is o(-6)?
-4
Suppose -1 = -5*x - 4*v, 4 = 9*v - 13*v. Let l(b) = 13*b - 1. Give l(x).
12
Suppose i = -4*i. Suppose r + 2*j - j + 6 = i, -3*r = j + 12. Let a(y) = 2*y**3 + 3*y**2 - 3*y + 4. Determine a(r).
-14
Let n(s) = -4*s**3 - s**2 + s. Let w = -19 + 17. Let j be ((-68)/(-8))/(-17)*(w + 0). Give n(j).
-4
Let f be 6/((-5)/(20/(-3))). Suppose -4*k = -3*h + 26, 2*h = -0*k - 2*k + f. Let p(b) be the third derivative of b**5/60 - b**4/4 - 2*b**3/3 - b**2. Give p(h).
-4
Let k be 3/(-30)*4*-5. Let i = 2 + -3. Let y be (i/k)/(3/(-30)). Let o(d) = -d**3 + 4*d**2 + 3*d + 7. Give o(y).
-3
Let p(z) = -9*z + 4. Let g(r) = r + 1. Let x(w) = -2*g(w) + p(w). Calculate x(1).
-9
Let u(v) be the second derivative of -v**3/3 + 5*v**2 + 9*v. Let k(x) = -1. Let o(f) = -k(f) - u(f). Give o(7).
5
Let b = 8 - 21. Let i = b - -14. Let s(d) = d - 6. Let w(k) = k - 1. Let j(p) = s(p) - 5*w(p). Give j(i).
-5
Let m(j) be the first derivative of 3/2*j**2 + 0*j - 1/8*j**4 - 1/6*j**3 + 6. Let a(h) be the second derivative of m(h). Calculate a(1).
-4
Suppose -64 + 12 = 26*u. Let m(j) = 4*j. Give m(u).
-8
Let y(l) = l**3 - l**2 + 2*l - 1. Suppose 14*p = 17 - 3. Calculate y(p).
1
Let b(n) = -3*n. Suppose 2*y - 3*y = -2, 3*y - 26 = -5*p. Let s be p + 90/(-21) + 9/7. Determine b(s).
-3
Let s = 3 - -74. Let u(a) = 5*a + 0*a**2 - 74 - a**2 + s. Calculate u(6).
-3
Let x be -2 - 2/4*-2. Let z(i) be the third derivative of -i**4/2 - i**3/6 + 148*i**2. Give z(x).
11
Suppose 5*k - 22 = f, 0 = -3*f - 2*f + 5*k - 30. Let t(x) = -x**3 - 3*x**2 - 2. Let u(s) = s**3 + 2*s**2 - s + 3. Let q(m) = f*u(m) - 3*t(m). Give q(-5).
-10
Suppose 7*v + 4 = 6*v. Let w be 6/v*((-150)/18 + 3). Let z(k) = 3*k - 12. What is z(w)?
12
Let z(g) = -5*g. Let u be 5/15*6 - 1. Let n be 0 - 0/(1/(-1)). Let h be u*(-5 + n - -3). Determine z(h).
10
Let t(b) = -17*b**2 + 14*b**2 - 5*b + 7*b. Let a = 4 - 2. Calculate t(a).
-8
Let j(r) = 13*r - r**2 - 6 - 28*r + 19*r. Let t be j(3). Let w(d) = -d**2 - d + 3. Give w(t).
-3
Let d(q) = 35 + 2*q - 14 + 3*q - 2*q. Determine d(-9).
-6
Let p(j) = -j**3 + 5*j**2 + 3*j. Let k = -143 - -147. Calculate p(k).
28
Let f(d) = -6*d**2 - 2*d**2 - 12*d**2 + d**3 + 2*d + 19*d**2 - 1. Suppose -q + 10 = 4*q. What is f(q)?
7
Let y(w) = 52*w + 3. Let z be y(1). Let q = z - 54. Let r(s) = 4*s**3 + 2*s - 1. Determine r(q).
5
Suppose j - 5*j - 5*u + 72 = 0, u = 4. Let k(t) = -t + 3. Calculate k(j).
-10
Let l(g) = 8*g. Let u(c) = -6*c. Let d(k) = -k + 9. Let t be d(13). Let j(i) = t*l(i) - 5*u(i). Suppose -5*f + 6 = -4. Determine j(f).
-4
Let z(b) = 2*b - 1. Let m(c) = -9*c + 5. Let l(o) = -3*m(o) - 15*z(o). Determine l(5).
-15
Let y(v) = 735*v - 1475*v + 2 + 734*v + 4. Give y(1).
0
Let p(f) = 2*f - 3. Let j(x) = 2*x - 2. Let s be j(1). Suppose 5*i + 0*i - 3*u = -6, s = -3*i + 2*u - 3. Determine p(i).
-9
Let g(j) = j**3 - 5*j**2. Let y be -4 + 1 - (-15 + 5). Suppose y*q + 5 = 8*q. Determine g(q).
0
Let c(o) = o**2 + 12*o + 21. Let z be c(-9). Let j(q) = 6 + 5*q - 7*q + 3*q**2 + 3*q**2 - 2*q**3 + 3*q**3. What is j(z)?
18
Let h(f) be the first derivative of -f**3/3 - f**2/2 + 4*f - 6. Let s(a) = a**3 + a**2 - 3*a - 5. Let u be s(-2). Give h(u).
-2
Suppose 2 = -2*r + 3*r. Suppose 5*p - 5*z - 1010 = 0, -6*z + r*z = 0. Let s(c) = 206*c + 2 - p*c + 0*c**2 + c**2 - 5. Calculate s(-5).
2
Let a(o) = o**3 + 1. Let s(y) = 6*y**3 + y**2 - y. Let i(h) = 5*a(h) - s(h). Let z be 0/(3 + 0) - -23. Let n = z + -23. Give i(n).
5
Let t(y) = -y**3 - 10*y**2 - 10*y - 7. Let n be t(-9). Suppose 0*d + n*k = 2*d - 18, 0 = 5*d - 3*k - 39. Let z(g) = g**3 - 7*g**2 + 8*g - 9. Give z(d).
3
Let i be (-231)/14*(-4)/3. Suppose -b - b = i. Let z(v) = -3*v + 4. Let c(s) = -8*s + 12. Let m(t) = b*z(t) + 4*c(t). Give m(-4).
0
Let q be ((-4)/(-8))/(4/(-88)). Let d(i) = i**2 + 12*i + 11. Let k be d(q). Let n(r) = k*r + r + 0 + 9 + 0*r. Give n(-6).
3
Let i = -26 + 28. Suppose -5 + 3 = -i*g. Suppose 8*w + 7 = -g. Let y(x) = 4*x**3 + x**2 + x + 1. Give y(w).
-3
Suppose -3*q + 2*n + 163 = 0, 3*q - n = 8*q - 276. Let f(h) = -3*h + 42 + 4*h - q. Determine f(9).
-4
Let g(r) = -r**3 + 6*r**2 - 3*r - 13. Suppose -16*l + 297 - 201 = 0. What is g(l)?
-31
Let c(n) = -4*n**2 - 9*n + 1. Let i(l) = -9*l**2 - 19*l + 2. Let m(a) = -7*c(a) + 3*i(a). Give m(-6).
-1
Let f(y) be the second derivative of y**6/360 - y**5/60 - 5*y**4/24 + 2*y**3 - 16*y. Let t(q) be the second derivative of f(q). Give t(4).
3
Let x be 2/(-3) + (-11)/(-3). Suppose 3*l - 6 - x = 0. Let j(w) be the first derivative of 2*w**3/3 - 3*w**2/2 - 4*w + 49. Determine j(l).
5
Let u be 2250/324 - (-1)/18. Let r(l) = -l**2 + 9*l - 19. Calculate r(u).
-5
Let d(m) = -4*m - m**2 - 5 - 1 - 3 + 4*m. Suppose -3*h - h = 0. Give d(h).
-9
Let m(g) = g**2 - 6*g - 2. Let b be ((-66)/(-12))/1 + (-5)/(-2). Give m(b).
14
Let t(k) = -k**2 - 6*k - 7. Let j(z) = z**3 - 3*z**2 - 3*z + 3. Let u be j(3). Give t(u).
-7
Let c(t) = -t**2 - 9*t - 4. Suppose -5*w + 2 - 16 = -4*v, -2*w = 2*v + 20. Calculate c(w).
14
Suppose -4*m + 0*m + 32 = 0. Let b(l) = -17587*l - l**2 + 17596*l - 2 + 2*l**2 - 2*l**2. Give b(m).
6
Let l be (3 - 2)/(2/(-4)). Let a(q) be the second derivative of -1/2*q**2 + 1/6*q**4 + 0 + 8*q + 1/20*q**5 + 1/3*q**3. Give a(l).
-5
Suppose -23 = -u + 4*a - 7, 2*u - 2*a = 26. Let d(f) = -19 - 3*f + u - f**2 + 5. Calculate d(-4).
-6
Suppose 45 = 21*p - 12*p. Let f(z) = -z**2 + 15*z - 48. Determine f(p).
2
Let a(s) = s**3 + 11*s**2 + 28*s - 8. Let k be a(-7). Let l(o) = o - 11. Determine l(k).
-19
Let q(u) = 1 + 33*u + u**3 - 75*u + 9*u**2 + 41*u. Give q(-9).
10
Let i(r) = -3*r. Let h(b) = 32*b - 60. Let p be h(2). Calculate i(p).
-12
Let b(y) = -y**2 - 2*y + 4. Let c be (480/9)/8 + (-15)/9. What is b(c)?
-31
Let c(r) = -13*r - 1. Suppose 6*y = 9*y. Let f = y + 5. Suppose 1 = -f*q - 4. Give c(q).
12
Let p(s) be the first derivative of -s**4/4 + s**2/2 + 3*s + 130. What is p(3)?
-21
Let h(q) = q**2 + 3*q + 5. Let n(l) = -l**2 - 2*l - 5. Let i(p) = p - 3. Let f be i(-2). Let c(y) = f*h(y) - 4*n(y). Determine c(-4).
7
Let n(a) be the first derivative of a**4/4 + 2*a**3 - 3*a**2/2 - 16*a + 159. Determine n(-6).
2
Suppose 0 = 2*a - 5*i + 31, 4*a + 5 = i - 12. Let c = 8 - 6. Let l(h) = 8 + 6*h**2 - 4 - 4*h**c + 4*h. Determine l(a).
10
Let u(v) = 3*v**2 + 6*v - 3*v**2 + v**2 + 4. Let f(r) be the second derivative of r**4/12 - r**3 - r**2/2 + 3*r. Let c be f(5). Calculate u(c).
4
Let r(f) = f**3 - 8*f**2 - 10*f + 11. Let t be r(9). Suppose 3*v = n - 13, n - t*n + 7 = -v. Let l(q) = n*q**2 - 2*q - 9 - 12 + 20. Determine l(2).
11
Suppose -4 = -2*m, -4*m + 30 = 5*k + m. Suppose 8 + 0 = k*d. Let w(f) = -f**2 - 4*f + 3. Calculate w(d).
-9
Suppose -3*g = -4*u + 5, -3*g = 3*u + 2*g - 11. Let x(p) = -3*p - 4. Give x(u).
-10
Suppose -5*w + 37 = -4*g, -4*g - 6 = -2*g. Le